 = 92 + z. List the prime factors of n.
59
Let u = 15549 - 8187. What are the prime factors of u?
2, 3, 409
Let s(h) be the second derivative of h**5/20 - 5*h**4/12 + h**3/2 + h**2/2 + 10*h. Let p be s(6). Let z = p + -15. What are the prime factors of z?
2, 5
Suppose -37310 = 429*s - 443*s. List the prime factors of s.
5, 13, 41
Let k(u) = u**2 - 10*u - 35. Let s be k(17). Let x = s + -84. Suppose 4*o = -3*d + 200 + 12, x = 5*d + 3*o - 346. List the prime factors of d.
2, 17
Let d(f) = f**2 - 2*f - 832. Let j be d(0). Let k = -447 - j. What are the prime factors of k?
5, 7, 11
Let s(p) = 5*p**3 - 44*p**2 + 23*p + 34. Let c(m) = -11*m**3 + 87*m**2 - 47*m - 69. Let h(k) = -3*c(k) - 7*s(k). List the prime factors of h(23).
2, 19
Suppose -3*h - 12 - 18 = 0. Let q(z) = z**3 + 12*z**2 + 20*z + 3. Let w be q(h). Suppose -2*m + 4*m = 5*n + 207, -m + 102 = -w*n. List the prime factors of m.
3, 37
Let q be (-695162)/104 - ((-3)/(-4))/(-3). List the prime factors of q/(-4) + 5 + -10.
2, 7, 17
Suppose -14*y + 16*y = 3806. Let x = y - -281. Suppose x + 300 = 12*m. What are the prime factors of m?
3, 23
Let n(q) = 3*q**3 - 15*q**2 - 6*q + 34. Suppose 81*d = 42*d + 390. What are the prime factors of n(d)?
2, 11, 67
Let g(h) = -h**3 + 84*h**2 + 185*h + 20. List the prime factors of g(85).
2, 3, 5, 71
Let q(g) = 11*g**2 - 13*g + 61. Let z be q(8). Suppose -r - 26 = -z. What are the prime factors of r?
5, 127
Let s(u) = -u**3 - 16*u**2 - 11*u + 71. Let n be s(-15). Let l(g) = g**3 - 11*g**2 + 5*g + 75. What are the prime factors of l(n)?
2, 5, 13
Suppose -18 = -19*l + 10*l. What are the prime factors of (-16)/(-10)*-185*(-3)/l?
2, 3, 37
Suppose 2*k + l = -3*l - 2, -13 = -5*k - l. Suppose k*x - 4*x + 408 = g, -g - 408 = -x. Suppose 0 = 4*a - x + 36. List the prime factors of a.
3, 31
Suppose 434119 - 527722 = -75*g + 1078047. What are the prime factors of g?
2, 73, 107
Suppose 0 = -2*q, -3*t - 5*q + 1008 = -6*t. Let a = 27 - t. What are the prime factors of a?
3, 11
Let x be (1 + (-20)/12)/((-2)/21). Let m = -12 + x. Let s(a) = a**2 - 4*a + 14. What are the prime factors of s(m)?
59
Suppose 181 = 5*h - 344. Suppose -d + h + 1 = -4*g, d - 118 = g. Suppose 0*s + 96 = 4*s - 2*m, -5*s = -2*m - d. What are the prime factors of s?
2, 13
Suppose -2*s = -0*s - 3862. Suppose 9*l - 1453 - s = 0. What are the prime factors of l?
2, 47
Suppose 4*k - 332 - 108 = 0. Let a = -1560 + 1629. Let h = k - a. List the prime factors of h.
41
Suppose -106*t - 1152 = -114*t. Let b = t + -40. List the prime factors of b.
2, 13
Let l = -12275 - -20441. List the prime factors of l.
2, 3, 1361
Let x(h) = -40*h**2 - 2*h + 1. Let o be x(2). Let a = -228 - o. Let b = 130 + a. What are the prime factors of b?
5, 13
Suppose 0 = 281*a - 273*a - 32. Suppose 4*i + o = 1737, a*o - 934 = 5*i - 3079. List the prime factors of i.
433
Let v(k) = 2*k + 319. Let w be v(57). Suppose 4*h - 3734 = -1222. Let q = h - w. What are the prime factors of q?
3, 5, 13
Suppose -112*z + 1863 = -310841. List the prime factors of z.
2, 349
Let o = -54 - -54. Let p = -60 + o. Let z = p + 346. What are the prime factors of z?
2, 11, 13
Let l = 190 - -1153. Let z = l - 997. What are the prime factors of z?
2, 173
Suppose 33*a - 31*a = -22. List the prime factors of a/((-1208)/172 - -7).
11, 43
Suppose -r = r - b - 12779, -3*r + 4*b + 19166 = 0. What are the prime factors of r?
2, 3, 5, 71
Suppose -15 = z - 4*z. Let d(u) = u + 87. Let k be d(-34). Suppose -4*a + z*a = k. What are the prime factors of a?
53
Suppose 31*w - 129 = 28*w. Suppose -w*r + 40*r = -24. Let g = r + -4. What are the prime factors of g?
2
Suppose 0 = -3*i - w + 13, -4*i - 6*w + 32 = -w. Suppose 0*m + 15 = i*m. Suppose -m*l - 3*j + 81 = -j, -2*l + 4*j = -42. What are the prime factors of l?
17
Suppose -4*a + 175712 = -4*v, 31*a = 27*a + 3*v + 175719. List the prime factors of a.
3, 5, 29, 101
Let j = -32 + 39. Suppose -j*i + 6*i = 3*s + 353, 0 = 4*s + 2*i + 474. Let r = 204 + s. What are the prime factors of r?
2, 11
Let c(v) = -8*v**2 - 32 - 2*v**2 + 39*v + 5*v**3 - 2*v**3 + v**2 - 4*v**3. List the prime factors of c(-14).
2, 3, 67
Suppose -15797 = -4*a + s, -9*s = 2*a - 11*s - 7912. List the prime factors of a.
3947
Suppose -5*j + 126 = -5*g - 119, -j - g = -51. Suppose -2*r + j = 4*o - 174, -r = 3*o - 115. Let c = r - 21. List the prime factors of c.
5, 17
Let u(d) = 906*d**3 - d**2 - 5*d + 4. List the prime factors of u(2).
2, 7, 11, 47
Suppose 0*b - 5*b + 12 = -3*j, -4*j - 16 = -2*b. Suppose b*d - 21*d + 2289 = 0. List the prime factors of d.
109
Suppose 14295 - 1825 + 3093 = p. List the prime factors of p.
79, 197
Let l be 8/(-3)*(-3)/2. Let r = -281 + 297. Suppose -l*a - r + 80 = 0. What are the prime factors of a?
2
Let s(n) = 4736*n + 2855. List the prime factors of s(7).
36007
Let r(d) = -2*d**3 - 15*d**2 + 8*d - 30. What are the prime factors of r(-13)?
3, 5, 23
Let b(c) = -c**3 + 7*c**2 + 7*c - 14. Let o be b(7). Suppose -4*l = 7 - 63. Suppose l*h - o = 7*h. What are the prime factors of h?
5
Let f(c) = 433*c**2 + 53*c - 271. What are the prime factors of f(10)?
43, 1013
Let p = 9244 + -3091. What are the prime factors of p?
3, 7, 293
Let d = 4033 + 8782. List the prime factors of d.
5, 11, 233
Suppose 0 = 3*r - 0*r - 13229 - 44389. List the prime factors of r.
2, 3, 11, 97
What are the prime factors of 10452 - (135/9 + -7)?
2, 7, 373
Suppose -7*y = -16*y + 61740. Suppose -y = -17*h + 1453. What are the prime factors of h?
3, 163
Suppose -p + 3*i = i + 9, -5*p = 4*i + 73. Let h be (-120)/(-21)*(5 + 39/(-26)). Let j = h + p. List the prime factors of j.
7
List the prime factors of (-57618)/(-4) - 45/(-18).
14407
Suppose 0 = 4*z + 152 + 1940. Let w = z + 1395. List the prime factors of w.
2, 109
Suppose -2*y - 2 = -o - 8, 0 = 2*y - 2*o - 4. Suppose -4*a + 1501 = 3*b, 9*a - y*a - 1879 = -b. What are the prime factors of a?
2, 47
Suppose -8450 = -5*q - 5*a, 4*q + 0*q - a = 6770. List the prime factors of q.
2, 3, 47
Let a(x) = -x**3 + 31*x**2 + 66*x + 11. Let r be a(33). Suppose -4*c - 5*s + 4234 = 0, 0 = 3*c + 14*s - r*s - 3174. List the prime factors of c.
2, 3, 11
Let a = -4 - -42. Let o be (-349)/(-7) - 3*(-5)/105. Let d = o - a. What are the prime factors of d?
2, 3
Let m be (60/6)/((-4)/2). Let l(u) = u**3 + 6*u**2 + 4*u - 1. Let r be l(m). Suppose -k + r*z + 7 = -12, -3*z - 3 = 3*k. List the prime factors of k.
3
Let s = 932 - 1335. Let r = s - -795. List the prime factors of r.
2, 7
Suppose -30*z + 165281 + 63409 = 0. What are the prime factors of z?
3, 7, 11
Let i be (15/2)/5 - (-30433)/26. Let a = -740 + i. What are the prime factors of a?
2, 3
Suppose -68237 - 257313 = -25*o. What are the prime factors of o?
2, 17, 383
Let p(k) be the second derivative of -3*k**2 + 1/2*k**3 - 7/6*k**4 - 3/20*k**5 + 20*k + 0. What are the prime factors of p(-6)?
2, 3, 5
Let k(u) = u - 12. Let x be 3*(2 + 4) + 0. Let l be k(x). Suppose -2*r - j + l*j = -258, -4*r - 3*j = -542. List the prime factors of r.
2, 67
Suppose 19 = 5*y - 1, -4*y - 3578 = 3*m. Let q = -853 - m. List the prime factors of q.
3, 5, 23
Suppose 0 = -62*j + 88*j - 49556. List the prime factors of j.
2, 953
Suppose 4*y = 1381 + 9791. Suppose -5*j - 3*l - y = -8*j, 4*l = -5*j + 4664. List the prime factors of j.
2, 233
List the prime factors of 52/(-286) + (991504/44 - 0).
2, 19, 593
Let m = 5577 + -3833. What are the prime factors of m?
2, 109
Let d(n) = 78*n**2 - 13*n - 41. List the prime factors of d(-3).
2, 5, 7
Let p(n) = -11*n**3 - 176*n**2 - 46*n + 31. What are the prime factors of p(-19)?
2, 13, 17, 29
Suppose 3*p = 2*g - 11786, 17712 = 3*g + 2*p - p. List the prime factors of g.
2, 13, 227
Suppose 0 = -i + 482 + 2591. List the prime factors of i.
7, 439
Let z(s) = 3*s**3 + 6*s**2 - 3*s - 5. Let n be 10/(-90)*3 - (-16)/3. What are the prime factors of z(n)?
5, 101
Let p = -25 + 31. Suppose -p = -5*y - 4*n, 0*y + 4*n + 2 = -y. Suppose -y*z = -210 + 2. List the prime factors of z.
2, 13
Suppose 0 = 4*o + 39 - 27. Let u be o*(4 + -3) - 47*5. List the prime factors of (u/(-3))/(140/15 + -9).
2, 7, 17
Let v = -402 - -406. List the prime factors of (60/(-14))/(-1*v/224).
2, 3, 5
Let m be 284 + -10*(-1)/(-2). Let c = -145 + m. List the prime factors of c.
2, 67
Let z(j) = -j**2 -